divided by 347?
216
What is the remainder when 85450 is divided by 4068?
22
What is the remainder when 112954 is divided by 11?
6
Calculate the remainder when 9681 is divided by 9666.
15
What is the remainder when 36960 is divided by 2464?
0
What is the remainder when 12367 is divided by 197?
153
Calculate the remainder when 9002 is divided by 372.
74
Calculate the remainder when 5557 is divided by 459.
49
Calculate the remainder when 3725 is divided by 1846.
33
Calculate the remainder when 2513313 is divided by 29.
28
What is the remainder when 139278 is divided by 195?
48
What is the remainder when 4308 is divided by 203?
45
Calculate the remainder when 3947 is divided by 1964.
19
What is the remainder when 222385 is divided by 74125?
10
What is the remainder when 15857 is divided by 305?
302
What is the remainder when 3106 is divided by 1489?
128
Calculate the remainder when 69596 is divided by 290.
286
What is the remainder when 1039 is divided by 40?
39
Calculate the remainder when 10551513 is divided by 1758.
1755
What is the remainder when 10878 is divided by 93?
90
Calculate the remainder when 38547 is divided by 29.
6
What is the remainder when 39882 is divided by 429?
414
What is the remainder when 343 is divided by 4?
3
Calculate the remainder when 13389 is divided by 2443.
1174
Calculate the remainder when 3496 is divided by 504.
472
Calculate the remainder when 7867 is divided by 3786.
295
Calculate the remainder when 2269 is divided by 570.
559
Calculate the remainder when 32825 is divided by 108.
101
What is the remainder when 36342 is divided by 219?
207
What is the remainder when 40 is divided by 3?
1
What is the remainder when 510715 is divided by 30?
25
What is the remainder when 7015 is divided by 63?
22
Calculate the remainder when 2386 is divided by 779.
49
Calculate the remainder when 14771 is divided by 7366.
39
Calculate the remainder when 847969 is divided by 1457.
1452
What is the remainder when 105027 is divided by 18?
15
Calculate the remainder when 2137 is divided by 165.
157
What is the remainder when 157849 is divided by 76?
73
What is the remainder when 174795 is divided by 1840?
1835
What is the remainder when 1406 is divided by 203?
188
What is the remainder when 149642 is divided by 159?
23
Calculate the remainder when 7084 is divided by 1127.
322
What is the remainder when 6829209 is divided by 163?
161
Calculate the remainder when 55273 is divided by 33.
31
Calculate the remainder when 82162 is divided by 2934.
10
Calculate the remainder when 187199 is divided by 160.
159
What is the remainder when 36959 is divided by 168?
167
Calculate the remainder when 109717 is divided by 299.
283
Calculate the remainder when 68316 is divided by 58.
50
Calculate the remainder when 2497 is divided by 1596.
901
Calculate the remainder when 12296 is divided by 1528.
72
Calculate the remainder when 8010 is divided by 1994.
34
What is the remainder when 7123 is divided by 41?
30
What is the remainder when 1230 is divided by 190?
90
What is the remainder when 102708 is divided by 34196?
120
What is the remainder when 2778607 is divided by 694650?
7
What is the remainder when 997749 is divided by 34?
19
Calculate the remainder when 2388 is divided by 2313.
75
What is the remainder when 68318 is divided by 3795?
8
What is the remainder when 4803 is divided by 13?
6
What is the remainder when 953 is divided by 900?
53
What is the remainder when 2489 is divided by 667?
488
What is the remainder when 1259560 is divided by 6?
4
What is the remainder when 249975 is divided by 19?
11
Calculate the remainder when 17861 is divided by 2957.
119
What is the remainder when 16849 is divided by 8362?
125
What is the remainder when 99503 is divided by 233?
12
What is the remainder when 2840 is divided by 320?
280
Calculate the remainder when 224926 is divided by 102.
16
Calculate the remainder when 7942 is divided by 169.
168
Calculate the remainder when 5533 is divided by 417.
112
What is the remainder when 6844 is divided by 9?
4
What is the remainder when 47870 is divided by 115?
30
Calculate the remainder when 12286 is divided by 194.
64
What is the remainder when 11129 is divided by 1230?
59
What is the remainder when 150449 is divided by 325?
299
Calculate the remainder when 18297 is divided by 23.
12
What is the remainder when 5860 is divided by 4?
0
Calculate the remainder when 4819 is divided by 30.
19
What is the remainder when 407 is divided by 32?
23
Calculate the remainder when 70416 is divided by 432.
0
What is the remainder when 9318 is divided by 466?
464
Calculate the remainder when 5666 is divided by 2820.
26
Calculate the remainder when 23915 is divided by 11952.
11
Calculate the remainder when 4583 is divided by 74.
69
What is the remainder when 5526900 is divided by 73?
70
Calculate the remainder when 144143 is divided by 308.
307
Calculate the remainder when 555 is divided by 299.
256
Calculate the remainder when 138790 is divided by 46235.
85
What is the remainder when 200845 is divided by 390?
385
Calculate the remainder when 30731 is divided by 156.
155
What is the remainder when 22607 is divided by 22?
13
Calculate the remainder when 72795 is divided by 36393.
9
What is the remainder when 12286 is divided by 54?
28
Calculate the remainder when 547024 is divided by 273508.
8
Calculate the remainder when 467 is divided by 259.
208
Calculate the remainder when 80362 is divided by 287.
2
Calculate the remainder when 11084 is divided by 243.
149
Calculate the remainder when 1103071 is divided by 487.
16
What is the remainder when 33906 is divided by 998?
972
Calculate the remainder when 68992 is divided by 22996.
4
Calculate the remainder when 3318 is divided by 1239.
840
Calculate the remainder when 6774 is divided by 1192.
814
Calculate the remainder when 15099 is divided by 1886.
11
Calculate the remainder when 2631 is divided by 148.
115
What is the remainder when 5185 is divided by 4826?
359
Calculate the remainder when 158113 is divided by 52693.
34
What is the remainder when 40678 is divided by 17?
14
What is the remainder when 112564 is divided by 119?
109
Calculate the remainder when 367189 is divided by 103.
97
Calculate the remainder when 525085 is divided by 8.
5
What is the remainder when 75650 is divided by 151?
150
Calculate the remainder when 3150 is divided by 64.
14
Calculate the remainder when 78073 is divided by 119.
9
What is the remainder when 111853 is divided by 27951?
49
Calculate the remainder when 317438 is divided by 10.
8
What is the remainder when 1318 is divided by 250?
68
What is the remainder when 4706 is divided by 2345?
16
What is the remainder when 279212 is divided by 2849?
10
Calculate the remainder when 2174 is divided by 380.
274
Calculate the remainder when 757 is divided by 75.
7
Calculate the remainder when 158 is divided by 151.
7
Calculate the remainder when 1410 is divided by 351.
6
What is the remainder when 22041 is divided by 380?
1
What is the remainder when 241143 is divided by 341?
56
What is the remainder when 93773 is divided by 13392?
29
Calculate the remainder when 611 is divided by 276.
59
Calculate the remainder when 14688 is divided by 7340.
8
Calculate the remainder when 1131 is divided by 198.
141
What is the remainder when 3509 is divided by 1740?
29
Calculate the remainder when 64560 is divided by 32274.
12
What is the remainder when 92571 is divided by 175?
171
Calculate the remainder when 9742 is divided by 519.
400
What is the remainder when 8644 is divided by 8408?
236
Calculate the remainder when 8705 is divided by 145.
5
Calculate the remainder when 33269 is divided by 1957.
0
What is the remainder when 9978 is divided by 17?
16
What is the remainder when 13663 is divided by 57?
40
Calculate the remainder when 72488 is divided by 477.
461
Calculate the remainder when 275 is divided by 44.
11
Calculate the remainder when 45639 is divided by 22817.
5
What is the remainder when 16137 is divided by 20?
17
What is the remainder when 6909 is divided by 1726?
5
What is the remainder when 2808 is divided by 1393?
22
Calculate the remainder when 86965 is divided by 7.
4
What is the remainder when 20602 is divided by 6749?
355
What is the remainder when 591